git of 100590?
9
What is the ten thousands digit of 176495?
7
What is the ten thousands digit of 131316?
3
What is the tens digit of 593?
9
What is the hundreds digit of 21286?
2
What is the ten thousands digit of 35343?
3
What is the units digit of 15100?
0
What is the tens digit of 455?
5
What is the units digit of 32261?
1
What is the tens digit of 3899?
9
What is the ten thousands digit of 25244?
2
What is the thousands digit of 4125?
4
What is the units digit of 586?
6
What is the hundreds digit of 425?
4
What is the tens digit of 77?
7
What is the thousands digit of 144786?
4
What is the units digit of 132250?
0
What is the ten thousands digit of 33345?
3
What is the hundreds digit of 1878?
8
What is the thousands digit of 3574?
3
What is the units digit of 20687?
7
What is the units digit of 30641?
1
What is the tens digit of 1233?
3
What is the thousands digit of 4669?
4
What is the thousands digit of 2641?
2
What is the units digit of 2668?
8
What is the units digit of 343?
3
What is the hundreds digit of 5119?
1
What is the hundreds digit of 326?
3
What is the thousands digit of 3737?
3
What is the hundreds digit of 39730?
7
What is the hundreds digit of 1252?
2
What is the ten thousands digit of 28897?
2
What is the thousands digit of 6996?
6
What is the tens digit of 834?
3
What is the hundreds digit of 143?
1
What is the ten thousands digit of 17962?
1
What is the hundreds digit of 2669?
6
What is the units digit of 1256?
6
What is the units digit of 6685?
5
What is the tens digit of 3124?
2
What is the tens digit of 2334?
3
What is the hundreds digit of 3342?
3
What is the units digit of 26?
6
What is the tens digit of 42460?
6
What is the tens digit of 79?
7
What is the units digit of 9541?
1
What is the tens digit of 35?
3
What is the units digit of 4491?
1
What is the thousands digit of 28462?
8
What is the units digit of 4548?
8
What is the tens digit of 871?
7
What is the units digit of 3531?
1
What is the thousands digit of 4563?
4
What is the units digit of 4704?
4
What is the units digit of 187?
7
What is the tens digit of 925?
2
What is the thousands digit of 55546?
5
What is the units digit of 581?
1
What is the tens digit of 142324?
2
What is the hundreds digit of 3417?
4
What is the hundreds digit of 2211?
2
What is the thousands digit of 10386?
0
What is the tens digit of 4364?
6
What is the tens digit of 457?
5
What is the tens digit of 5135?
3
What is the units digit of 2449?
9
What is the tens digit of 39866?
6
What is the units digit of 1703?
3
What is the units digit of 40532?
2
What is the thousands digit of 1516?
1
What is the tens digit of 10863?
6
What is the units digit of 715?
5
What is the hundreds digit of 23042?
0
What is the tens digit of 1998?
9
What is the units digit of 90154?
4
What is the units digit of 12634?
4
What is the hundreds digit of 23864?
8
What is the ten thousands digit of 77902?
7
What is the hundreds digit of 602?
6
What is the tens digit of 37817?
1
What is the tens digit of 148158?
5
What is the units digit of 11309?
9
What is the ten thousands digit of 14988?
1
What is the units digit of 455?
5
What is the hundreds digit of 267?
2
What is the thousands digit of 87205?
7
What is the thousands digit of 2546?
2
What is the units digit of 6344?
4
What is the tens digit of 868?
6
What is the tens digit of 54997?
9
What is the tens digit of 67797?
9
What is the tens digit of 91107?
0
What is the tens digit of 16575?
7
What is the thousands digit of 1708?
1
What is the ten thousands digit of 65829?
6
What is the thousands digit of 6822?
6
What is the thousands digit of 1635?
1
What is the hundreds digit of 622?
6
What is the hundreds digit of 1911?
9
What is the tens digit of 34109?
0
What is the thousands digit of 122713?
2
What is the units digit of 977?
7
What is the units digit of 3168?
8
What is the thousands digit of 164953?
4
What is the tens digit of 5909?
0
What is the tens digit of 16622?
2
What is the hundreds digit of 6406?
4
What is the hundreds digit of 35928?
9
What is the units digit of 1091?
1
What is the tens digit of 3721?
2
What is the ten thousands digit of 42024?
4
What is the tens digit of 1269?
6
What is the hundreds digit of 1760?
7
What is the hundreds digit of 8667?
6
What is the units digit of 2324?
4
What is the hundreds digit of 1730?
7
What is the units digit of 7483?
3
What is the thousands digit of 16082?
6
What is the tens digit of 2682?
8
What is the units digit of 25954?
4
What is the thousands digit of 103229?
3
What is the tens digit of 1132?
3
What is the hundreds digit of 6689?
6
What is the hundreds digit of 3006?
0
What is the tens digit of 4035?
3
What is the units digit of 28894?
4
What is the units digit of 335?
5
What is the thousands digit of 3491?
3
What is the thousands digit of 9635?
9
What is the units digit of 363?
3
What is the hundreds digit of 537?
5
What is the tens digit of 3322?
2
What is the thousands digit of 6985?
6
What is the thousands digit of 14377?
4
What is the thousands digit of 4195?
4
What is the hundreds digit of 227?
2
What is the units digit of 7076?
6
What is the units digit of 5165?
5
What is the thousands digit of 60706?
0
What is the thousands digit of 2239?
2
What is the tens digit of 2534?
3
What is the tens digit of 8087?
8
What is the tens digit of 78707?
0
What is the units digit of 834?
4
What is the units digit of 116?
6
What is the hundreds digit of 45322?
3
What is the units digit of 435?
5
What is the hundreds digit of 10935?
9
What is the hundreds digit of 1211?
2
What is the tens digit of 3720?
2
What is the units digit of 2714?
4
What is the thousands digit of 1415?
1
What is the ten thousands digit of 28014?
2
What is the tens digit of 251?
5
What is the units digit of 26946?
6
What is the thousands digit of 32930?
2
What is the units digit of 989?
9
What is the units digit of 7191?
1
What is the units digit of 785?
5
What is the ten thousands digit of 18055?
1
What is the units digit of 89606?
6
What is the units digit of 546?
6
What is the hundreds digit of 4330?
3
What is the tens digit of 1116?
1
What is the tens digit of 4363?
6
What is the hundreds digit of 796?
7
What is the thousands digit of 4007?
4
What is the tens digit of 74?
7
What is the ten thousands digit of 37508?
3
What is the hundreds digit of 548?
5
What is the tens digit of 20777?
7
What is the ten thousands digit of 24637?
2
What is the tens digit of 32602?
0
What is the tens digit of 22176?
7
What is the tens digit of 15715?
1
What is the units digit of 8817?
7
What is the units digit of 8537?
7
What is the hundreds digit of 10984?
9
What is the units digit of 1787?
7
What is the tens digit of 6675?
7
What is the ten thousands digit of 23312?
2
What is the units digit of 5752?
2
What is the hundreds digit of 2959?
9
What is the tens digit of 2740?
4
What is the units digit of 3413?
3
What is the thousands digit of 3646?
3
What is the tens digit of 860?
6
What is the hundreds digit of 6014?
0
What is the units digit of 30521?
1
What is the thousands digit of 23310?
3
What is the tens digit of 1006?
0
What is the tens digit of 38029?
2
What is the hundreds digit of 206?
2
What is the units digit of 4519?
9
What is the units digit of 4105?
5
What is the hundreds digit of 304?
3
What is the units digit of 683?
3
What is the hundreds digit of 9934?
9
What is the thousands digit of 1244?
1
What is the hundreds digit of 6334?
3
What is the tens digit of 31052?
5
What is the units digit of 650?
0
What is the tens digit of 354?
5
What is the units digit of 125519?
9
What is the hundreds digit of 188?
1
What is the units digit of 32095?
5
What is the ten thousands digit of 16231?
1
What is the hundreds digit of 636?
6
What is the units digit of 2296?
6
What is the tens digit of 321?
2
What is the thousands digit of 3931?
3
What is the hundreds digit of 1042?
0
What is the hundreds digit of 700?
7
What is the hundreds digit of 40733?
7
What is the hundreds digit of 1992?
9
What is the hundreds digit of 14922?
9
What is the hundreds digit of 19367?
3
What is the thousands digit of 1089?
1
What is the units digit of 51707?
7
What is the thousands digit of 6684?
6
What is the hundreds digit of 26509?
5
What is the hundreds digit of 20